. What is f(8)?
568
Let a(g) = -1353*g - 20164. Calculate a(-15).
131
Let u(z) = 3059*z - 37252. Give u(12).
-544
Let z(x) = 6435*x + 1402830. Give z(-218).
0
Let d(i) = 1995*i + 750077. Determine d(-376).
-43
Let o(x) = -74*x**2 - 994*x + 585. Calculate o(-14).
-3
Let u(c) = -202*c**3 - 36*c**2 + 154*c - 136. Calculate u(3).
-5452
Let k(g) = -223705*g - 1565888. What is k(-7)?
47
Let s(o) = 2*o**2 + 60*o - 671. What is s(-39)?
31
Let y(g) = -2*g**2 + 371*g - 445. Calculate y(184).
107
Let w(b) = 69*b**2 + 1065*b + 286. What is w(-16)?
910
Let b(i) = 2*i**2 + 180*i + 3001. What is b(-68)?
9
Let l(x) = -3*x**3 - 87*x**2 - 98*x - 1687. Determine l(-29).
1155
Let f(g) = -52*g**2 - 2616*g + 5245. Determine f(2).
-195
Let k(u) = 6271*u - 68976. Give k(11).
5
Let k(m) = m**3 + 7*m**2 - 1326*m - 12998. Calculate k(-10).
-38
Let x(a) = -a**3 + 96*a**2 + 1483*a + 2237. Calculate x(-12).
-7
Let f(z) = 62186*z - 16417095. Determine f(264).
9
Let d(w) = -2*w**3 - 2300*w**2 + 16036*w + 27. Give d(7).
-1107
Let g(s) = -s**2 - 1304*s - 270516. Determine g(-259).
139
Let g(p) = 462*p**2 - 6467*p - 10. Determine g(14).
4
Let j(z) = -z**2 + 412*z - 13178. Determine j(33).
-671
Let a(t) = -276*t**2 + 257*t + 3. Calculate a(1).
-16
Let w(t) = 1764*t - 234598. What is w(133)?
14
Let c(o) = -44932*o - 44929. Determine c(-1).
3
Let d(o) = -186*o**3 + 7*o**2 + 473*o + 465. Calculate d(-1).
185
Let b(l) = l**3 - 82*l**2 + 175*l + 393. Calculate b(80).
1593
Let q(x) = 7193*x + 43135. Calculate q(-6).
-23
Let n(v) = 36036*v + 36054. Give n(-1).
18
Let d(x) = -x**2 - 28*x + 1775. Give d(36).
-529
Let m(w) = -367888*w - 2207327. What is m(-6)?
1
Let h(z) = 182*z**2 + 3353*z + 51. Calculate h(-18).
-1335
Let z(h) = h**3 + 464*h**2 + 23555*h + 2514. Give z(-406).
-328
Let v(l) = -11979*l - 359524. Determine v(-30).
-154
Let v(o) = 1372*o + 351236. Determine v(-256).
4
Let h(s) = -136*s**2 + 491*s - 433. Determine h(2).
5
Let k(a) = -180*a - 30395. Give k(-177).
1465
Let d(i) = -2292*i + 3716. What is d(2)?
-868
Let s(i) = -54*i**3 - 863*i**2 - 59*i - 1218. Determine s(-16).
-18
Let f(w) = -9*w**2 - 609*w - 7429. Give f(-16).
11
Let l(g) = 113*g**2 + 1357*g + 11. Determine l(-12).
-1
Let w(u) = -u**3 - 37*u**2 - 408*u - 1480. Determine w(-19).
-226
Let i(t) = -76565*t + 1378209. Give i(18).
39
Let k(j) = -58*j**3 + 210*j**2 - 209*j - 1. Calculate k(1).
-58
Let a(d) = d**3 - 59*d**2 - 5*d - 3486. What is a(60)?
-186
Let w(y) = 16*y**3 + 120*y**2 - 57*y - 781. What is w(-7)?
10
Let r(w) = w**3 - 13*w**2 - 30. Give r(14).
166
Let z(x) = 1955*x - 24532. What is z(12)?
-1072
Let u(f) = -183*f**2 - 1553*f + 26. Determine u(-8).
738
Let w(i) = -i**3 - 14*i**2 + 48*i + 855. What is w(-12)?
-9
Let q(l) = 8*l**3 - 803*l**2 + 2401*l - 210101. Determine q(100).
-1
Let r(i) = i**3 - 125*i**2 + 366*i + 192. What is r(122)?
192
Let d(a) = -2*a**2 + 1557*a + 23616. Calculate d(-15).
-189
Let h(a) = -a**2 + 1039*a + 34254. Determine h(-32).
-18
Let b(n) = -3*n**3 - 164*n**2 + 340*n - 4. Give b(2).
-4
Let o(u) = -3*u**3 - u**2 - 83*u + 656. Calculate o(8).
-1608
Let d(t) = -21925*t - 855088. Determine d(-39).
-13
Let b(v) = 2209*v**3 + 27*v**2 - 32*v + 5. Calculate b(1).
2209
Let s(i) = -i**3 + 109*i**2 - 1013*i + 11308. Give s(100).
8
Let v(d) = -10*d**3 - 439*d**2 - 1681*d - 4841. Give v(-40).
-1
Let z(k) = -2*k**3 + 334*k**2 + 5857*k - 200. What is z(183)?
-17
Let l(g) = -3219*g - 4303793. What is l(-1337)?
10
Let f(q) = -892*q + 1670. Give f(2).
-114
Let q(t) = 2954*t - 62050. What is q(21)?
-16
Let o(f) = 2*f**3 + 725*f**2 - 1118*f - 9462. What is o(-364)?
2
Let h(k) = -k**3 - 3*k**2 - 3134*k + 5. Give h(0).
5
Let h(v) = 7920*v + 55457. Give h(-7).
17
Let h(c) = 1793*c + 114878. Calculate h(-64).
126
Let u(i) = 11*i**3 - 218*i**2 - 38*i + 1. Calculate u(20).
41
Let u(o) = o**3 - 53*o**2 - 203*o + 8024. What is u(54)?
-22
Let x(p) = p**2 - 1025*p + 26683. Determine x(27).
-263
Let h(i) = 4599*i - 26538. Determine h(6).
1056
Let y(f) = 8*f**2 - 3917*f - 15802. Give y(-4).
-6
Let u(r) = -56*r**2 - 6941*r - 6944. Determine u(-1).
-59
Let x(r) = -48*r - 8479. Calculate x(-165).
-559
Let p(v) = -v**3 - 93*v**2 - 38*v + 4955. Give p(-92).
-13
Let w(f) = -2*f**2 - 4013*f + 40387. Determine w(10).
57
Let v(x) = -414*x**2 + 1248*x - 18. What is v(3)?
0
Let d(f) = -f**3 - 178*f**2 + 15185*f + 542. Calculate d(-241).
60
Let p(i) = 13*i**2 - 134*i - 2902. What is p(20)?
-382
Let d(u) = -56*u**3 + 4144*u**2 + 9*u + 107. What is d(74)?
773
Let q(g) = -5*g**3 + 6*g**2 + 107*g + 18. Give q(-5).
258
Let k(s) = -37*s**2 - 1216*s + 14405. Calculate k(12).
-5515
Let i(u) = u**3 - 75*u**2 - 710*u + 3813. Give i(83).
-5
Let w(a) = 1871*a + 422849. Determine w(-226).
3
Let t(x) = -2*x**3 + 138*x**2 + 434*x - 234. Calculate t(72).
-90
Let m(t) = t**2 + 4930*t + 98184. What is m(-20)?
-16
Let k(y) = -435270*y - 1306044. Calculate k(-3).
-234
Let s(p) = p**3 - 444*p**2 - 5457*p - 6860. Calculate s(456).
-20
Let c(f) = 22*f**2 + 140*f - 17. What is c(-10)?
783
Let l(w) = -111*w**3 + 14874*w**2 + 2*w - 260. Give l(134).
8
Let u(t) = -7986*t - 49893. Calculate u(-6).
-1977
Let w(v) = v**3 - 58*v**2 + 541*v - 17557. What is w(54)?
-7
Let x(s) = -s**3 - 287*s**2 - 314*s - 11629. Give x(-286).
-3621
Let i(m) = -1155*m - 55461. What is i(-48)?
-21
Let j(u) = 116*u**2 + 9516*u + 136. Determine j(-82).
-192
Let c(z) = 142*z**2 + 755*z + 17. Determine c(-5).
-208
Let j(d) = -3*d**3 - 50*d**2 + 141*d + 192. Calculate j(-1).
4
Let h(g) = g**2 - 186*g + 2827. Determine h(67).
-5146
Let m(b) = -953717*b - 5722308. Give m(-6).
-6
Let l(m) = 2*m**3 + 24*m**2 + 41*m - 321. Determine l(3).
72
Let q(u) = u**3 - 89*u**2 - 244*u - 2883. Determine q(92).
61
Let i(a) = 376*a + 152389. What is i(-403)?
861
Let l(a) = 2*a**2 - 242*a - 1210. Give l(-5).
50
Let h(m) = -1366*m + 76389. Determine h(56).
-107
Let h(l) = -5*l**2 + 13*l + 216. Determine h(6).
114
Let h(l) = -55568*l - 555656. What is h(-10)?
24
Let q(g) = -10*g**3 + 85*g**2 - 1021*g + 9602. Determine q(9).
8
Let g(j) = -16287*j + 4951242. Calculate g(304).
-6
Let y(b) = -b**2 - 3577*b - 92436. Calculate y(-26).
-110
Let g(f) = -646*f**2 + 636306*f + 3935. Calculate g(985).
-5
Let d(g) = 61698*g - 123421. Determine d(2).
-25
Let p(l) = 13*l**2 - 7348*l - 5644. What is p(566)?
16
Let m(a) = -a**3 + 19*a**2 + 42*a + 579. Give m(25).
-2121
Let n(z) = 52183*z - 10280050. What is n(197)?
1
Let m(a) = -9683*a + 290283. Give m(30).
-207
Let h(p) = -2*p**3 + 96*p**2 + 234*p - 6256. Calculate h(49).
408
Let w(k) = -6*k**2 - 52*k - 62. What is w(6)?
-590
Let b(l) = l**3 + 137*l**2 - 1823*l - 266399. Give b(-136).
25
Let n(c) = c**2 - 97*c - 18798. Determine n(194).
20
Let u(t) = 14*t**2 - 335*t - 35. What is u(11)?
-2026
Let s(b) = -1647*b - 14782. Give s(-9).
41
Let x(u) = 2*u**2 - 97*u - 1488. Determine x(63).
339
Let v(g) = -6413*g - 56486. What is v(-9)?
1231
Let i(y) = 8*y**3 + 346*y**2 - 262*y + 75. What is i(-44)?
-13
Let z(y) = 2*y**2 + 2*y - 1303. Calculate z(-24).
-199
Let k(n) = 20*n**2 - 4813*n - 14333. Calculate k(-3).
286
Let h(u) = 2*u**3 + 608*u**2 - 241074*u + 4. What is h(227)?
4
Let h(v) = -6*v**2 - 1006*v + 11058. Calculate h(-178).
22
Let w(c) = -11*c - 1986. Calculate w(-71).
-1205
Let n(s) = -98*s - 5655. Determine n(-64).
617
Let o(n) = 6*n**2 - 4230*n + 66260. Determine o(16).
116
Let j(x) = 560*x + 7759. Give j(-17).
-1761
Let u(t) = -t**3 + 916*t**2 - 150716*t + 716. Give u(701).
15
Let l(f) = -65*f**3 + 397*f**2 - 154*f + 891. Calculate l(6).
219
Let z(b) = -2608*b + 847597. Determine z(325).
-3
Let i(m) = -m**3 - 5*m**2 - 20*m - 691. Give i(-10).
9
Let h(r) = -2*r**2 - 699*r - 21462. Give h(-34).
-8
Let z(q) = 67443*q + 3372153. Determine z(-50).
3
Let p(f) = -f**3 + 103*f**2 - 651*f + 6693. Calculate p(97).
0
Let g(f) = 9*f**2 - 4213*f - 42585. Determine g(478).
-43
Let u(f) = f**3 - 4*f**2 + 58*f + 203. What is u(-4)?
-157
Let i(y) = -230*y + 22541. Determine i(98).
1
Let n(p) = 2521*p + 5197. Calculate n(-4).
-4887
Let k(z) = -12923*z + 64625. Determine k(5).
10
Let v(m) = -374*m**2 - 20948*m - 242. Determine v(-56).
-18
Let s(j) = j**2 + 2648*j - 99539. What is s(37)?
-194
Let h(j) = 44*j**2 - 57*j + 198. Determine h(4).
674
Let c(f) = -32829*f - 67627